{"id":34,"date":"2025-09-14T22:58:48","date_gmt":"2025-09-14T20:58:48","guid":{"rendered":"https:\/\/www.021media.nu\/wp\/bubbeeen\/?page_id=34"},"modified":"2026-02-11T10:23:14","modified_gmt":"2026-02-11T09:23:14","slug":"diskografi","status":"publish","type":"page","link":"https:\/\/www.021media.nu\/wp\/bubbeeen\/?page_id=34","title":{"rendered":"Hitta mig"},"content":{"rendered":"<p>Ni hittar alla sl\u00e4ppta l\u00e5tar i en <a href=\"https:\/\/www.youtube.com\/playlist?list=PL41IUwy-gEo17uWyqj7nsYl0l1pAz0dTo\" target=\"_blank\" rel=\"noopener\">spelarlista<\/a> p\u00e5 YouTube.<\/p>\n<p>Ni hittar \u00e4ven de nyare l\u00e5tarna p\u00e5 <a href=\"https:\/\/soundcloud.com\/bubbeeen_music\/tracks\" target=\"_blank\" rel=\"noopener\">SoundCloud<\/a>.<\/p>\n<p><img loading=\"lazy\" decoding=\"async\" class=\"alignleft wp-image-808\" src=\"https:\/\/www.021media.nu\/wp\/bubbeeen\/wp-content\/uploads\/2026\/01\/Bubbeeen_Music_SoundCloud_4x4.jpg\" alt=\"F\u00f6lj mig p\u00e5 SoundCloud\" width=\"300\" height=\"300\" srcset=\"https:\/\/www.021media.nu\/wp\/bubbeeen\/wp-content\/uploads\/2026\/01\/Bubbeeen_Music_SoundCloud_4x4.jpg 300w, https:\/\/www.021media.nu\/wp\/bubbeeen\/wp-content\/uploads\/2026\/01\/Bubbeeen_Music_SoundCloud_4x4-150x150.jpg 150w\" sizes=\"auto, (max-width: 300px) 100vw, 300px\" \/><\/p>\n","protected":false},"excerpt":{"rendered":"<p>Ni hittar alla sl\u00e4ppta l\u00e5tar i en spelarlista p\u00e5 YouTube. Ni hittar \u00e4ven de nyare l\u00e5tarna p\u00e5 SoundCloud.<\/p>\n","protected":false},"author":1,"featured_media":0,"parent":0,"menu_order":4,"comment_status":"closed","ping_status":"closed","template":"","meta":{"footnotes":""},"class_list":["post-34","page","type-page","status-publish","hentry"],"_links":{"self":[{"href":"https:\/\/www.021media.nu\/wp\/bubbeeen\/index.php?rest_route=\/wp\/v2\/pages\/34","targetHints":{"allow":["GET"]}}],"collection":[{"href":"https:\/\/www.021media.nu\/wp\/bubbeeen\/index.php?rest_route=\/wp\/v2\/pages"}],"about":[{"href":"https:\/\/www.021media.nu\/wp\/bubbeeen\/index.php?rest_route=\/wp\/v2\/types\/page"}],"author":[{"embeddable":true,"href":"https:\/\/www.021media.nu\/wp\/bubbeeen\/index.php?rest_route=\/wp\/v2\/users\/1"}],"replies":[{"embeddable":true,"href":"https:\/\/www.021media.nu\/wp\/bubbeeen\/index.php?rest_route=%2Fwp%2Fv2%2Fcomments&post=34"}],"version-history":[{"count":10,"href":"https:\/\/www.021media.nu\/wp\/bubbeeen\/index.php?rest_route=\/wp\/v2\/pages\/34\/revisions"}],"predecessor-version":[{"id":873,"href":"https:\/\/www.021media.nu\/wp\/bubbeeen\/index.php?rest_route=\/wp\/v2\/pages\/34\/revisions\/873"}],"wp:attachment":[{"href":"https:\/\/www.021media.nu\/wp\/bubbeeen\/index.php?rest_route=%2Fwp%2Fv2%2Fmedia&parent=34"}],"curies":[{"name":"wp","href":"https:\/\/api.w.org\/{rel}","templated":true}]}}